{"id":127,"date":"2018-04-10T15:09:07","date_gmt":"2018-04-10T15:09:07","guid":{"rendered":"http:\/\/airtren.com\/wordpress\/?page_id=127"},"modified":"2018-04-11T14:29:14","modified_gmt":"2018-04-11T14:29:14","slug":"formacion","status":"publish","type":"page","link":"https:\/\/airtren.com\/?page_id=127","title":{"rendered":"FORMACI\u00d3N"},"content":{"rendered":"<p>Formaci\u00f3n dirigida a aquellas personas en cuyo alcance profesional se incluya la seguridad o se\u00f1alizaci\u00f3n ferroviaria, como maquinistas o agentes de mantenimiento, capacit\u00e1ndolos para la explotaci\u00f3n de los sistemas de se\u00f1alizaci\u00f3n m\u00e1s modernos.<\/p>\n<p>Se pueden dise\u00f1ar formaci\u00f3n espec\u00edfica a petici\u00f3n del cliente.<\/p>\n<p>No dude en ponerse en contacto con nosotros, <a href=\"https:\/\/airtren.com\/?page_id=18\">aqu\u00ed<\/a>, para solicitar informaci\u00f3n.<\/p>\n","protected":false},"excerpt":{"rendered":"<p>Formaci\u00f3n dirigida a aquellas personas en cuyo alcance profesional se incluya la seguridad o se\u00f1alizaci\u00f3n ferroviaria, como maquinistas o agentes &hellip; <a href=\"https:\/\/airtren.com\/?page_id=127\" class=\"more-link\"><span class=\"more-button\">Continue reading &gt;<span class=\"screen-reader-text\">FORMACI\u00d3N<\/span><\/span><\/a><\/p>\n","protected":false},"author":1,"featured_media":0,"parent":0,"menu_order":0,"comment_status":"closed","ping_status":"closed","template":"","meta":{"footnotes":""},"class_list":["post-127","page","type-page","status-publish","hentry"],"_links":{"self":[{"href":"https:\/\/airtren.com\/index.php?rest_route=\/wp\/v2\/pages\/127","targetHints":{"allow":["GET"]}}],"collection":[{"href":"https:\/\/airtren.com\/index.php?rest_route=\/wp\/v2\/pages"}],"about":[{"href":"https:\/\/airtren.com\/index.php?rest_route=\/wp\/v2\/types\/page"}],"author":[{"embeddable":true,"href":"https:\/\/airtren.com\/index.php?rest_route=\/wp\/v2\/users\/1"}],"replies":[{"embeddable":true,"href":"https:\/\/airtren.com\/index.php?rest_route=%2Fwp%2Fv2%2Fcomments&post=127"}],"version-history":[{"count":3,"href":"https:\/\/airtren.com\/index.php?rest_route=\/wp\/v2\/pages\/127\/revisions"}],"predecessor-version":[{"id":261,"href":"https:\/\/airtren.com\/index.php?rest_route=\/wp\/v2\/pages\/127\/revisions\/261"}],"wp:attachment":[{"href":"https:\/\/airtren.com\/index.php?rest_route=%2Fwp%2Fv2%2Fmedia&parent=127"}],"curies":[{"name":"wp","href":"https:\/\/api.w.org\/{rel}","templated":true}]}}